?
78c8a7
In base 4, what is 1002003123303 + -1?
1002003123302
In base 11, what is 1156a7 - 188?
11551a
In base 6, what is 43 + 4055023?
4055110
In base 3, what is 2 + 21022120001220220?
21022120001220222
In base 4, what is -3131013233 + 12332?
-3131000301
In base 7, what is -312423130 + -3?
-312423133
In base 8, what is -514 + 50362?
47646
In base 13, what is a + 37c5?
3802
In base 5, what is 23 + -12110312?
-12110234
In base 15, what is -59ab28b - 8?
-59ab294
In base 11, what is 5a9 + 89477?
89a75
In base 7, what is -60410 + 3413?
-53664
In base 7, what is -2115 - -31230?
26112
In base 6, what is -3203 + -13453233?
-13500440
In base 3, what is 10 + -1001002111221?
-1001002111211
In base 8, what is -25 + -273064?
-273111
In base 2, what is 11100 - -11000010000001011101?
11000010000001111001
In base 3, what is 2000201001022 - 12?
2000201001010
In base 10, what is 14883 - 34314?
-19431
In base 16, what is -1ecaaf - -1bc?
-1ec8f3
In base 6, what is 30444304 - -3512?
30452220
In base 14, what is 1 - -542b096?
542b097
In base 2, what is -1101 - 1000000001101100001101111?
-1000000001101100001111100
In base 4, what is -2010 + -1021223032?
-1021231102
In base 14, what is 12a6894 - -1?
12a6895
In base 14, what is -d0 + -4b685?
-4b775
In base 2, what is -110111000011001000011 + 0?
-110111000011001000011
In base 15, what is 2b1504 - 182?
2b1372
In base 15, what is -3e65 + 6236?
22c1
In base 11, what is 75 - 394a4?
-3942a
In base 14, what is -121 - -18179?
18058
In base 15, what is -1e80985 - 5?
-1e8098a
In base 13, what is 29 + -318a3?
-31877
In base 5, what is 32 - -13212321113?
13212321200
In base 10, what is 1 + -35595845?
-35595844
In base 10, what is 1839 + 423?
2262
In base 3, what is 1222 - 202200000002?
-202122221010
In base 3, what is -12 - 202012121001021?
-202012121001110
In base 15, what is -cedea + -645?
-d0540
In base 8, what is -5 - -73104?
73077
In base 3, what is 220 + -2121022?
-2120102
In base 15, what is 225315 + -1?
225314
In base 8, what is 5 - 34730027?
-34730022
In base 2, what is 1000101001101011100111111110 + -1?
1000101001101011100111111101
In base 9, what is -2214721315 - 2?
-2214721317
In base 14, what is -2 - 81b719?
-81b71b
In base 7, what is -23643 + -55215?
-112161
In base 4, what is 3010 - -111002012?
111011022
In base 13, what is 0 - -b1bca2?
b1bca2
In base 11, what is 1482a2964 + -2?
1482a2962
In base 2, what is -10000100000010110010 - 110111100000?
-10000100111010010010
In base 13, what is 146250 - 2a?
146223
In base 4, what is 11 + 123321032123?
123321032200
In base 8, what is -4 + 62744663?
62744657
In base 11, what is 5 + -6519a070?
-6519a066
In base 3, what is -12 - 1002112120112000?
-1002112120112012
In base 9, what is -553 + -650356?
-651020
In base 2, what is -11011011 + 10000100110001011?
10000100010110000
In base 11, what is 1a4259 + 92?
1a4340
In base 10, what is -440305 - 59?
-440364
In base 3, what is 1 - 20222000200101210?
-20222000200101202
In base 11, what is 4802 + -6662?
-1960
In base 6, what is 13 + 121040541?
121040554
In base 11, what is 2 - 6a2a606a?
-6a2a6068
In base 3, what is 20221 + 1000112200?
1000210121
In base 12, what is -14341626 + 5?
-14341621
In base 10, what is -2 - -8338349?
8338347
In base 2, what is -1010000100 - 1110110000110011?
-1110111010110111
In base 7, what is -14502156 - 264?
-14502453
In base 3, what is 2211221202111 + 0?
2211221202111
In base 5, what is -343030 - 10333?
-403413
In base 16, what is 4d55fac + f?
4d55fbb
In base 10, what is 7606899 + 4?
7606903
In base 13, what is 1a0c591 + -4?
1a0c58a
In base 7, what is 2324103302 + -4?
2324103265
In base 12, what is -6 - 195706?
-195710
In base 15, what is -261b226 + -c?
-261b233
In base 12, what is -232 - 1983a?
-19a70
In base 15, what is -48e6 - 5c5?
-4ebb
In base 5, what is -34 + -11000124?
-11000213
In base 7, what is -5 + 314266561?
314266553
In base 10, what is -72 + -5653971?
-5654043
In base 16, what is 0 - 4399d5?
-4399d5
In base 11, what is -262 + 9123?
8971
In base 11, what is 6 - 84396421?
-84396416
In base 10, what is 1882247 + 66?
1882313
In base 15, what is -3 - -24a691?
24a68d
In base 13, what is 1a8993 + 517?
1a91aa
In base 13, what is 11 + 9aa19?
9aa2a
In base 15, what is -5 - -4bd1e21?
4bd1e1b
In base 6, what is -104 + -1015534?
-1020042
In base 2, what is 110000101011000101 + -101010?
110000101010011011
In base 11, what is 3 + 1aa490?
1aa493
In base 2, what is 11000 + 111011001000001000?
111011001000100000
In base 8, what is 0 + 52134444?
52134444
In base 4, what is 12113132111 - 12?
12113132033
In base 2, what is -1 + 11001011010010100011011?
11001011010010100011010
In base 3, what is 121 + 1101221202220?
1101221210111
In base 16, what is 10 - 125031?
-125021
In base 2, what is 1 + -1010111111000000110111?
-1010111111000000110110
In base 6, what is -50115554 - 1353?
-50121351
In base 13, what is -2402 + -b0a6?
-104a8
In base 6, what is -4 - -122514330?
122514322
In base 3, what is 110022202221 + 12221?
110022222212
In base 16, what is 1 - ac9b8e?
-ac9b8d
In base 4, what is -232330 + 22221120?
21322130
In base 11, what is -5 + 8119050?
8119046
In base 10, what is 0 + -13652602?
-13652602
In base 6, what is 1222 + 325135?
330401
In base 11, what is 4852203 - -2?
4852205
In base 9, what is 18743 - -4371?
24224
In base 7, what is 512112235 - -1?
512112236
In base 8, what is -12 + 54702772?
54702760
In base 7, what is -3 - 152544456?
-152544462
In base 15, what is -8873 + -414c?
-c9c0
In base 7, what is -36 + 61343060?
61343021
In base 6, what is -2 - -10042451354?
10042451352
In base 7, what is -31 - -1104501?
1104440
In base 13, what is -544c6 - -1667?
-52b5c
In base 2, what is 10111 + -100000010100001100?
-100000010011110101
In base 6, what is -33540 - -52011?
14031
In base 7, what is -1065 + 3246613?
3245515
In base 9, what is 2014 + 212122?
214136
In base 11, what is 257 - -222375?
222621
In base 6, what is -43 - -14034230?
14034143
In base 6, what is 10 - 145321431?
-145321421
In base 13, what is -5 - -1b6a1b4?
1b6a1ac
In base 14, what is 19c46d92 + -2?
19c46d90
In base 16, what is -1 - 2dbdb6?
-2dbdb7
In base 15, what is 40ab8d0 + -2d?
40ab8a2
In base 16, what is 4 - -ab3149b?
ab3149f
In base 2, what is -11011010111111000100101 - -101?
-11011010111111000100000
In base 4, what is -230 - -11113203312?
11113203022
In base 8, what is 46136116 - -5?
46136123
In base 10, what is 5 - -7446174?
7446179
In base 10, what is 23097 - 18027?
5070
In base 9, what is 1708 - 310506?
-307687
In base 6, what is -20305 + 1322434?
1302125
In base 15, what is 19de - 189e?
140
In base 5, what is 10141 - -41402243?
41412434
In base 4, what is -2211021 + -22211223?
-31022310
In base 10, what is -76712 - -29?
-76683
In base 11, what is 2a043a - 8?
2a0432
In base 6, what is 3 + -3313040534?
-3313040531
In base 13, what is 5313 + 1749?
6a5c
In base 5, what is -10 - -303002412?
303002402
In base 16, what is 2b0 - 145fd?
-1434d
In base 5, what is 402003143 + -23?
402003120
In base 7, what is 36 + 30246323?
30246362
In base 16, what is -13 + 4edd65?
4edd52
In base 15, what is -1dae42 + -6?
-1dae48
In base 9, what is -3144 + 404503?
401348
In base 12, what is 13 + -182852?
-18283b
In base 9, what is 706 - 660727?
-660021
In base 10, what is 1 + -93039899?
-93039898
In base 12, what is -1373 - 383b8?
-3976b
In base 13, what is 9992 + -27a?
9715
In base 8, what is -1205515 - 253?
-1205770
In base 15, what is -442b3d + -14?
-442b52
In base 10, what is 66 + 14853438?
14853504
In base 8, what is 11151667 + 0?
11151667
In base 14, what is 2c65812a + -4?
2c658126
In base 13, what is -33201 + 997?
-32537
In base 6, what is 45525433 + 444?
45530321
In base 12, what is -27b24 - 578?
-284a0
In base 13, what is -3 - 246c52b4?
-246c52b7
In base 7, what is -656 + -33254?
-34243
In base 4, what is 120120121 - -103030?
120223211
In base 16, what is 2316 + -1fb1?
365
In base 11, what is -2a915008 - -1?
-2a915007
In base 2, what is -11100001011011110100111 + 1?
-11100001011011110100110
In base 15, what is -a - 16a51ca?
-16a51d5
In base 15, what is -37ad565 + 13?
-37ad552
In base 6, what is -4 - 10055513415?
-10055513423
In base 4, what is 2021132110223 + 10?
2021132110233
In base 9, what is 4 + -1600012?
-1600007
In base 2, what is -100 + 11110